 = 0. Calculate the greatest common divisor of 390 and z.
78
Suppose 914*f - 951*f = -4662. What is the highest common factor of 560 and f?
14
Let k be (3 + (-63)/18)/(((-35)/182)/5). Let y(f) = 6*f**2 - f - 1. Let g be y(4). What is the highest common factor of g and k?
13
Let s(y) = -668*y + 3430. Let q be s(5). What is the greatest common divisor of q and 51?
3
Let a = 9 + -6. Suppose 0 = -96*z - 86*z + 7098. Calculate the highest common factor of a and z.
3
Let d be 2/(-4) + (-729)/(-6). Suppose -3*v = 5*k - 412, -5*k + 2*v + 0*v + 417 = 0. Let c = k - 72. Calculate the greatest common factor of c and d.
11
Let x(j) = -2*j**3 - 104*j**2 + 16*j + 853. Let a be x(-52). What is the greatest common factor of 4809 and a?
21
Let x(a) = a**3 - 8*a**2 + 14*a - 10. Let i be x(7). Suppose 97*o + 10234 - 16658 - 12491 = 0. What is the greatest common divisor of i and o?
39
Let d(x) = 170*x - 2334. Let y be d(14). What is the highest common factor of y and 10718?
46
Let a(b) = 2*b - 67669*b**3 + 0 - 5 - 8 + 14*b**2 + 2*b + 67670*b**3. Let x = -16 - -11. Let n be a(x). Calculate the highest common factor of n and 24.
24
Suppose -2*t + 170 = -147 - 319. What is the greatest common divisor of t and 159?
159
Let n = 2395 - -2990. Calculate the highest common divisor of 15 and n.
15
Let y be (-85)/(-34) + (-134)/(-4). Let l(g) = 2*g**2 - 23*g - 75. Let s be l(21). What is the greatest common divisor of s and y?
36
Let f(v) = -47*v + 61. Let n be f(-8). Let d = 460 - n. Let x be -1*46*(-1)/2. What is the highest common divisor of d and x?
23
Let m be -2 + (210 - 1) - -1. Let j = -4021 + 4034. Calculate the greatest common factor of j and m.
13
Suppose 211 = 4*c + 203. Suppose 0 = 4*g - c*u - 2062, -u - 3*u = -3*g + 1539. Calculate the greatest common factor of 11 and g.
11
Suppose 2 + 4 = 2*q. Suppose 3*h + q*k - 608 = 775, 0 = h - k - 467. Suppose 12*u - 426 = -19*u + 1372. What is the greatest common divisor of h and u?
58
Let m be -13 - -9 - (-4 - 0 - -4). Let k be m/(-6) - (1 - 1133/33). What is the highest common divisor of 4 and k?
2
Suppose 52 = 3*p + w, 3*p - 2*w - 47 - 20 = 0. Let m = -15 + p. Let t be m + (-2 - 0) - -222. Calculate the highest common factor of t and 28.
28
Let m(t) = -181*t - 11. Let p(x) = 542*x + 34. Let r(a) = -17*m(a) - 6*p(a). Let v = 68 - 70. Let b be r(v). What is the greatest common factor of b and 37?
37
Let w = 7300 + -6717. What is the highest common divisor of w and 1537?
53
Let b be (-169)/(-6)*4 + (123/(-9) - -13). Calculate the highest common factor of b and 11312.
112
Let w(r) = 8*r**3 + 9*r**2 - 4*r + 42. Let u be w(4). What is the highest common factor of u and 62?
62
Let f = 35710 - 35691. What is the greatest common factor of 41857 and f?
19
Suppose 175 = -3*d - 6*p + 253, 0 = 3*d + 5*p - 72. Calculate the highest common divisor of d and 2527.
7
Let y(a) = 5*a**3 - 61*a**2 + 27*a - 176. Let k be y(12). Calculate the greatest common factor of k and 1756.
4
Suppose 5*k - z - 83 = 0, 61 = 4*k - 2*z + 3*z. Let w = -49 - -49. Let b be (-47)/94*(w - 224). What is the highest common factor of k and b?
16
Suppose -18302 + 4190 = -0*m - 96*m. What is the greatest common factor of m and 18?
3
Suppose 3*j - 18*j = -120. Let y be 16*(-3)/(-4)*j/12. Suppose -7*l = -y*l + 9. Calculate the greatest common factor of l and 9.
9
Let k = -33 - 14. Suppose -2*m + 5*h - 144 = 0, 3*m - 5*h + 238 - 17 = 0. Let l = k - m. What is the highest common divisor of l and 20?
10
Suppose 0 = 7*j - 563 - 263. Suppose -5*y + j = 4*t - 4*y, -5*y = -4*t + 106. Let p = -356 + 617. Calculate the highest common factor of t and p.
29
Let k(x) = -176*x - 1032. Let j be k(-6). What is the highest common divisor of j and 18?
6
Suppose 4*v = z + 58, 0 = 4*v - 5*z - 27 - 7. Calculate the highest common divisor of v and 86.
2
Let z(l) = -l**2 - 36*l - 256. Let p be z(-26). What is the highest common divisor of 474 and p?
2
Let o(c) = -5*c**2 - 3*c + 5. Let a be o(-5). Let j = a - -201. Suppose 0 = -13*q - 26*q + 468. Calculate the greatest common factor of q and j.
12
Let s = -837 - -594. Let v = 308 + s. Calculate the highest common divisor of v and 5.
5
Suppose 0 = 5*g + b - 2618, -4*g - b + 3032 - 936 = 0. Calculate the highest common divisor of g and 464.
58
Let p be (53 + -17 + -30)*135/12*10. Calculate the greatest common factor of 1260 and p.
45
Let f(l) = -3*l + 22. Let j be f(6). Suppose -160 = -3*w - 7*m + 11*m, 2*m = -j*w + 206. Calculate the greatest common factor of 39 and w.
13
Suppose 24*n + 490 = 610. What is the highest common divisor of 75 and n?
5
Suppose -45 = -11*h - 144. Let j be ((-15)/h + -1)/(1/186). Suppose -2*a - j = -5*u, u = -a + 5*a + 32. Calculate the highest common factor of 72 and u.
24
Let k = -14 + 2. Let g = k - -16. Suppose 0 = g*t + 5*t - 315. Calculate the greatest common factor of t and 385.
35
Suppose 52 = -4*f + 64. Suppose 0*n = 5*s + n - 12, -s - f = 2*n. What is the highest common factor of s and 6?
3
Let s(q) = 2*q**2 - 41*q - 240. Let h be s(-5). Calculate the greatest common divisor of 10 and h.
5
Let b be 4872/493 + 1*(-2)/(-17). Calculate the greatest common divisor of 104 and b.
2
Suppose 11*q - 20*q = 4392. Let x = -467 - q. Calculate the greatest common factor of x and 168.
21
Let r = 1320 + -854. Let a = 488 - r. What is the highest common divisor of a and 451?
11
Let o(w) = -2*w**2 - 22*w - 9. Let a = -361 + 351. Let s be o(a). Calculate the greatest common factor of s and 737.
11
Suppose -b - 94 - 197 = -3*g, 0 = 4*g + 2*b - 398. What is the highest common divisor of g and 4606?
98
Let j(t) = -2*t**2 - 6*t + 2. Let d be j(-4). Let b be (-4 - (-430)/(-15))/((-2)/d). Let k = b + 101. Calculate the greatest common divisor of k and 63.
3
Suppose 34*i + 152 = 42*i. Suppose -172*f + i = -171*f. Calculate the greatest common factor of 19 and f.
19
Suppose -6*y + 36 = 6*y. Suppose -2*d + y*d - 7 = 0. Let j be (-1004)/(-64)*4 - (-1)/4. What is the highest common factor of j and d?
7
Let u = 2322 + -2310. Suppose 2*w - 4*w + 30 = 0. What is the highest common factor of w and u?
3
Let u be -6*(5488/21)/(-16). What is the highest common factor of u and 329?
7
Suppose 312 = -3*c + 16*c. What is the greatest common divisor of c and 42?
6
Suppose 176*q - 83*q - 3627 = 0. Let w be 6/(1*(2 - 1)). What is the greatest common divisor of q and w?
3
Let c = 18 - 3. Let s be 54 - 12*7/(-14). Calculate the highest common divisor of c and s.
15
Let r(w) = -3*w + 2. Let h be r(-4). Let x = -114391 + 114401. Calculate the highest common divisor of x and h.
2
Let l(g) = -181*g + 725. Let y be l(3). Suppose 0 = -7*o + 733 - 187. Calculate the greatest common divisor of o and y.
26
Suppose 4*u + 180 = 5*a - 372, -3*a = -u - 334. Calculate the highest common divisor of a and 1372.
28
Let k be 1100/12 - (-1)/6*2. Let v = k + -49. Calculate the greatest common factor of 473 and v.
43
Let y be 4/20 + (-276)/5. Let a(i) = -i**2 + 29*i + 39. Let j be a(28). Let h = j + y. Calculate the greatest common factor of h and 132.
12
Let d = -288 + 526. Let x = -212 + d. Calculate the greatest common divisor of x and 13.
13
Suppose 2241 = 5*x + 4*v, 25*v = 3*x + 22*v - 1323. Calculate the highest common divisor of 2492 and x.
89
Let y = -4346 - -6146. Calculate the greatest common divisor of y and 140.
20
Suppose x - 5*u = 17, -2*x + 5*u = -4*x + 49. Let p = x + -11. What is the highest common factor of 209 and p?
11
Let m(d) = -2*d - 3. Let n be m(-5). Suppose -16*g - 108*g + 12495 = -19*g. Calculate the highest common divisor of n and g.
7
Let c(s) = -16*s + 34*s**2 + 27 + s**3 - 5 - 19*s**2. Let i be c(-16). Let w = -1064 - -1097. What is the highest common factor of w and i?
11
Suppose -2*i + 192 = 3*d, -4*d + 5*d = 5*i + 81. Let p(k) = -423*k + 2544. Let o be p(6). Calculate the greatest common factor of d and o.
6
Let u = 28018 - 27283. Calculate the greatest common factor of 1320 and u.
15
Suppose -q + 27 = x + 2*q, 2*x - 14 = 4*q. Let a be 8/16*(x + 3). Calculate the highest common factor of 27 and a.
9
Let f be (-2 - 0)*(186/12 + -7 + -10). Let b = 16 + 17. Let i = b - 18. Calculate the highest common factor of i and f.
3
Suppose 134 = 3*p + 32. Let a(f) = 625*f**2 + f - 1. Let o be a(1). Suppose 149 = -4*i + o. What is the highes